)/(-100))/(1/12). Let p = -884 + q. Is p prime?
True
Let t(s) = 15*s**2 + 2*s - 139. Let q(f) = -14*f**2 - 3*f + 139. Let z(k) = -4*q(k) - 3*t(k). Is z(14) a composite number?
True
Let p be (1 + -837)*(-1 + (-3 - -2)). Let r = -885 + p. Is r a composite number?
False
Let d be (-1)/(6/(-2762)) + 58/87. Suppose -u - d = 76. Let n = -278 - u. Is n a prime number?
False
Let t be (-1)/2*(-4 - -12)*-2. Let g be (-3096)/(-48)*(t/6)/1. Let i = 37 + g. Is i a prime number?
False
Suppose 3*v = -t + 12829 + 73901, 2*v - 57824 = -2*t. Is v a composite number?
False
Let y = -520 - -525. Suppose 5820 = -y*m - 3*z + 46470, -3*m = z - 24394. Is m composite?
True
Suppose 578893 = 3*p + 5*k, -63*p + 62*p + 192975 = -k. Is p composite?
False
Let u = 2475 - -15566. Is u a prime number?
True
Suppose -1730 = -d - 133*u + 132*u, 4*d - 6960 = 4*u. Is d composite?
True
Let j(h) = -5*h - 27. Let v be j(-6). Suppose -37 = v*s - 10. Is -2 + s/(-3) + 898 prime?
False
Let t = 8 + -4. Let f be 454*1 + (84/t)/7. Suppose f = -3*v + 1648. Is v a composite number?
False
Let j(l) = -702*l + 65. Let r(f) = 703*f - 68. Let v(i) = 5*j(i) + 6*r(i). Is v(5) prime?
True
Let f be 5/(-2)*(-16)/20. Let q be ((-310)/(-30) + -10)*573. Suppose f*d = 3*d - q. Is d composite?
False
Suppose 8 = 3*s - g, -5*g = -4*g + 2. Let p be -2 + 5/(2/s). Suppose 0 = -p*z + 908 + 2671. Is z a composite number?
False
Let a(v) be the first derivative of 499*v**3/3 + 6*v**2 - 6*v + 66. Is a(-5) a prime number?
True
Let y = -3429 - -2090. Suppose -881 - 11247 = -4*n. Let c = y + n. Is c a composite number?
False
Let o(r) = 74*r**2 - 26*r + 14. Let u be o(-4). Let k = u - -1267. Is k prime?
False
Let h(m) = m**3 - 12*m**2 - 6*m - 2. Let q be h(11). Is (9/(q/6202))/((-4)/6) a composite number?
False
Let r be (-540)/(-22) + (-318)/583. Suppose r*h = 503211 + 957213. Is h a composite number?
True
Is (7/(-28) + 17/4)*15343725/300 a composite number?
False
Let w = 50316 - 134941. Let b = 122922 + w. Is b prime?
False
Suppose -4*r = 38*x - 34*x - 17616, 0 = -3*x + 5*r + 13252. Is x composite?
False
Is (-255495)/(-45) + -2 - (-2)/(-3) - 6 prime?
True
Suppose 51 - 75 = 6*p. Is (3837/p)/((-18)/24) a composite number?
False
Suppose -21 = -7*o + 7. Suppose -6*g = -o*g - 10. Suppose -g*p + 2507 = -s, 0*p - 3*s + 2499 = 5*p. Is p prime?
False
Suppose 5*m + j - 107169 = 0, -10304 = m - j - 31733. Is m a prime number?
True
Let o(f) = 90*f**2 - 11*f - 255. Is o(14) composite?
False
Let j = 19237 + -10596. Is j a prime number?
True
Let c(g) = 52*g**2 - 72*g - 61. Is c(-51) a prime number?
True
Let y(d) = 342*d**3 + 4*d**2 + 255*d - 1429. Is y(6) prime?
False
Let g(f) = -2*f**3 + 3*f**2 - 19*f + 17. Suppose -10*a = -6*a - 48. Let o be g(a). Let l = -1836 - o. Is l composite?
False
Suppose 2*p = s - 12883, 0*p = -2*s - 3*p + 25787. Is s prime?
True
Let j(f) = 2110*f**2 + 59*f + 20. Let z(b) = 2109*b**2 + 60*b + 19. Let y(d) = -5*j(d) + 6*z(d). Is y(-5) prime?
True
Suppose 0 = -4*v - 5*q + 598387, -34659 = -5*v + 3*q + 713371. Is v a composite number?
False
Let z = 72128 + 281651. Is z a composite number?
True
Suppose 2*w = 3*u - 4, -w + 6 = -5*u - 4*w. Suppose u = 15*k + 10*k - 102925. Is k composite?
True
Suppose -11*u - 3*m - 18645 = -12*u, 2*u = 5*m + 37294. Suppose 0 = -l + u - 1990. Is l composite?
True
Suppose 5*z - 12 = z. Suppose 3*l + u - 4 = 0, -z*u - u = 2*l - 16. Is (l - -116)*(2 + 130/8) a composite number?
True
Let f(k) = k**3 + 15*k**2 - 18*k - 14. Let q be f(-16). Is (q/(-27))/(6/(-11871)) composite?
False
Let t(m) = -41*m + 36. Let u be t(1). Is ((-40629)/(-435))/((-1)/u + 0) a prime number?
True
Let r be (18 - 0)*(-1711)/(-3). Suppose 25*o - 19*o + r = 0. Let w = o - -3074. Is w a composite number?
True
Let f(y) = -275*y**2 + 3*y + 2. Let z be f(-1). Let t = 509 + z. Suppose 6*b - t = 709. Is b a composite number?
False
Let h(n) = 13*n**3 + 206*n**2 - 34*n - 13. Let y be h(-16). Let i be 8*((-449)/(-2) - -1). Suppose -i - 2319 = -y*x. Is x a composite number?
True
Suppose 69 = 9*q - 3. Suppose q*i = 403 + 661. Is i composite?
True
Let q(d) = 10*d - 101*d**2 + 50*d**2 - 37 + 65*d**2. Let g = -15 - -22. Is q(g) composite?
False
Let x = 1675 - -311. Suppose -x = -44*n + 41*n. Is n composite?
True
Is 120356 + -1 - (2 + 7)*(-2)/(-3) prime?
True
Suppose -u + 4 - 2 = 0. Suppose -u*n + 4187 = -2903. Suppose -2*m + 2853 = 2*m + 5*a, 5*m = -2*a + n. Is m a composite number?
True
Suppose -4*g = 5*f + 2, 2*g = 4*g + 6. Suppose x - 83 = -f*h + 2*x, x + 123 = 3*h. Suppose h*z - 1673 = 33*z. Is z a prime number?
True
Suppose 23*x - 26*x + 18 = -4*a, 2*x = 2*a + 12. Let m be (-6)/(-9) + 4/(-6). Suppose m = -5*d + x*d - 93. Is d composite?
True
Suppose -3 = 5*c + 7. Let b be 0 + -1*(c - -1). Let a = 186 - b. Is a a composite number?
True
Let z(b) = -81*b**2 - 5*b + 5. Let n(s) = 40*s**2 + 3*s - 3. Let x(v) = 5*n(v) + 2*z(v). Let q be 4 + -1 + 2/((-4)/2). Is x(q) composite?
False
Let q = 2441 + 1345. Suppose -g + q = 5*g. Is g a composite number?
False
Suppose -10*f + 52 - 22 = 0. Suppose -18001 = -f*t + 5*w, -t = -0*w + 5*w - 6027. Is t a composite number?
False
Let k = 34 - 32. Let n(d) = 20*d - 3*d**3 - 2*d**2 - 18*d + 5 - 5*d**k. Is n(-6) a prime number?
True
Suppose 3*g = -4*z + 215, -3*z + 2*g + 156 = -g. Let r = 64 + z. Suppose -453 = -6*i + r. Is i a composite number?
True
Suppose 16284 = -4*f + 3588. Let i be (6/4)/((-23)/f). Suppose -3*p = -6*p + i. Is p a composite number?
True
Suppose 0 = 5*c + 5*r - 175140, -29684 = 5*c + 14*r - 204869. Is c prime?
True
Let a(h) = -h**3 - 21*h**2 + 44*h - 4. Let p be a(-26). Let w = p - -47. Is w a composite number?
True
Let z(n) = n**3 - 4*n**2 - 7*n - 13. Let l be -1 + 2 + 3/3. Let c = 12 - l. Is z(c) composite?
True
Let h(m) = 2*m**3 + 12*m**2 + 41*m + 23. Let z be h(-16). Let i = 16600 + z. Is i a prime number?
True
Let n = 24 + -28. Let s(f) = -2*f**3 - 7*f**2 - 5*f + 1. Let b be s(n). Suppose -6*c - b = -7*c. Is c a prime number?
True
Let a(x) = -4*x + 60. Let k(f) = 5*f - 59. Let y(p) = 5*a(p) + 6*k(p). Let l be y(6). Suppose -l*q + 19855 = 2161. Is q a composite number?
True
Suppose -5*u - 26 = 3*f, -20 = 4*f - 6*u + 9*u. Let z be (11 + f)*1/1. Let o(p) = -p**3 + 10*p**2 + 13*p - 11. Is o(z) prime?
False
Let k(x) = -x**3 - 10*x**2 + 13*x + 24. Let q be k(-11). Is q/((-21986)/(-58544) - 48/128) a prime number?
True
Suppose -4*m + 0*m = u - 35, -4*u = -2*m + 40. Suppose -m*k = -14459 - 25461. Suppose n + 5*p - 580 = k, 4*p = -2*n + 9114. Is n prime?
True
Let m = 83 - 84. Let n be ((-60)/16 + m)*-36. Suppose -j - 5*o + 274 = 0, 100 + n = j + 4*o. Is j composite?
True
Let g(j) = 20*j**3 - 52*j**2 - 30*j + 68. Let l(w) = -7*w**3 + 18*w**2 + 10*w - 23. Let t(z) = 6*g(z) + 17*l(z). Is t(10) composite?
False
Let w = 17005 - 9071. Is w composite?
True
Let h = 3284149 + -1960556. Is h a prime number?
True
Suppose -5*l = -l - 12. Suppose -x + 2*t - 2 = 0, 0 = x - 3*t + l. Let h(s) = -3*s**2 + s + 689. Is h(x) composite?
True
Let o(p) = 38*p**2 + 41*p + 193. Is o(43) composite?
True
Suppose 7*g - 17*g + 30 = 0. Suppose m + 2*s - 673 - 582 = 0, 5*m - 6275 = g*s. Is m prime?
False
Suppose 0 = -10*x + 12*x + 4*i - 2264290, x + i = 1132142. Is x composite?
False
Suppose 368*g + v - 449452 = 367*g, -3*v = -4*g + 1797829. Is g a prime number?
False
Let w(x) = 76*x - 19. Let m be w(9). Suppose 11*a - 6*a - m = 0. Is a a composite number?
True
Let p = 56233 - 21566. Is p prime?
True
Suppose 35*p - p - 37026 = 0. Is 4/6*-3 - p/(-1) a composite number?
False
Suppose 1321830 = 95*x - 5*x. Is x a composite number?
True
Is (-7963)/(-6)*(510 - 324) composite?
True
Let h be -9 - -2 - (-2912)/91. Let o be (-131)/(-4) - (-1)/4. Let u = o + h. Is u a prime number?
False
Let w(c) = 26*c**2 + 8*c + 33. Suppose -45*i + 42 = -52*i. Is w(i) a prime number?
False
Let m be (-112 - 28) + -2 + 7 + -2. Let n = 42 - m. Is n a composite number?
False
Is 23*((-131323)/(-205))/((-1)/(-5)) prime?
False
Let j = -119377 - -211298. Is j a composite number?
False
Suppose -3*m = -5*m + 4*h - 16, -3*h = -12. Suppose m = n - 1844 - 890. Is n a prime number?
False
Let f be ((-1)/(-2))/((-45)/(-4610970)). Suppose q - 3*n = 17083, 12*n - f = -3*q + 13*n. Is q a prime number?
True
Let i(k) = -k**2 + 17*k + 43. Let q be i(19).